remainder when d is divided by 62.
55
Suppose 5*p = -4*b - 112, -4*p + 5*b - 85 = p. Let d = 68 + p. Suppose 0 = -3*u + 2*u + d. What is the remainder when u is divided by 25?
23
Suppose 105 = 2*q + 39. Let r = -30 + q. What is the remainder when r is divided by 2?
1
Let z(o) = -8*o**3 - 2*o**2 - 11*o - 2. What is the remainder when z(-2) is divided by 29/(2/((-6)/(-3)))?
18
What is the remainder when 469 is divided by 61880/390 - (-4)/(-6)?
153
Suppose -94*t + 177 = -93*t - c, 2*c + 864 = 5*t. What is the remainder when 520 is divided by t?
10
Let f(z) = 11*z**2 - 121*z + 867. Calculate the remainder when f(-45) is divided by 113.
111
Suppose 2*w + 2*r = 340, -2*r + r - 502 = -3*w. Suppose -o - 43 = -3*x + 6, -8*x + 5*o = -126. Calculate the remainder when w is divided by x.
15
Suppose 0 = b - 137*b + 6392. Calculate the remainder when b is divided by 46.
1
Suppose -39*a = -37*a - 30. Suppose -3*b + 0*b = -120. Calculate the remainder when b is divided by a.
10
Suppose 490 = 2*h - 4*c, 12*c = 4*h + 7*c - 992. Calculate the remainder when h is divided by 247.
6
Suppose -3*q + 85 = 2*u - 398, 4*q - 5*u = 621. Let w = -143 + q. Calculate the remainder when 109 is divided by w.
13
Suppose -3*j = 3*f - 486, f = 3*j + 42 + 112. Calculate the remainder when 1279 is divided by f.
159
Let b(d) = 16*d**2 - d + 2. Suppose -2*t + 2*v = 514 - 1590, -4*v = -3*t + 1617. Let r = 557 - t. Calculate the remainder when b(2) is divided by r.
20
Suppose -5*k = h - 3, 5*h + 5*k + 0*k = 15. Let x = -55 - -73. Suppose -14 = 11*q - x*q. Calculate the remainder when h is divided by q.
1
Let o = -673 - -795. What is the remainder when 137 is divided by o?
15
Let x(v) = v**2 - 6*v + 5. Let q be x(8). Suppose -q*u + 20*u = 4*c - 260, -2*c + 152 = -5*u. What is the remainder when c is divided by 40?
26
Suppose -2*q + 0*q = -16. Let b = -469 + 612. Suppose 3*p = -8*p + b. Calculate the remainder when p is divided by q.
5
Let r = 26655 - 26650. Calculate the remainder when 2190 is divided by r.
0
Suppose b + 43 = i + 2*b, -3*i - 4*b + 128 = 0. Let q be 10/15 - 357/9. Calculate the remainder when i is divided by (-6)/q - (-824)/52.
12
Suppose -4*s = 4*b + 16 - 172, -2*s + 58 = -3*b. Suppose -24917 + 25032 = 23*q. What is the remainder when s is divided by q?
0
Suppose 34*z = -10*z + 8360. What is the remainder when 242 is divided by z?
52
Let g = 55 + -11. Let i be 15/3 + -4 - (g + 2). Let o = 68 + i. What is the remainder when o is divided by 6?
5
Let f = 414 - 409. Suppose 5*k - 6*k + 133 = w, f*w = -3*k + 393. Calculate the remainder when k is divided by 67.
2
Suppose 4*j - 7219 = 2*z - 1545, -3*j - 2*z + 4238 = 0. Calculate the remainder when j is divided by 455.
51
Let i = 2490 - 2255. Calculate the remainder when i is divided by 88.
59
Suppose -4*s - 1436 + 3537 = 5*t, 4*t + s = 1672. Calculate the remainder when t is divided by 53.
46
Suppose 80*r - 85*r = -4*m - 1338, m + 2 = 0. Suppose 0 = -2*w + 5*v + r, 4*w = 8*w - 3*v - 518. Calculate the remainder when w is divided by 43.
42
Suppose 137*c - 140*c - 390 = -4*r, 0 = 2*r + 3*c - 222. Calculate the remainder when r is divided by 45.
12
Suppose 5*g - 13 = u, 3*g + 2*u - u - 11 = 0. Let q be 630/245*7/1. Calculate the remainder when -10 + q - (0 + 0) is divided by g.
2
Let o(g) = g**3 - 7*g**2 - 2*g + 1. Let n be o(4). Let v(s) = -518*s + 2147. Let j be v(4). Let a = j + n. What is the remainder when 78 is divided by a?
18
Let p be -8*(-1)/((-8)/20). Calculate the remainder when 2/p + (-7055)/(-50) is divided by 32.
13
Let f be 1 + (-5)/4 + 180/80. Suppose 7 = f*l - 53. Calculate the remainder when 83 is divided by l.
23
Let p(u) = 3*u**2 - 81*u + 193. Calculate the remainder when p(32) is divided by 135.
133
Let r = -25852 - -25864. Calculate the remainder when 4235 is divided by r.
11
Let n = -607 - -2087. Calculate the remainder when n is divided by 26.
24
Let a = -11 + 73. Let l(h) = -5*h**2 - 3*h + 8. Let o(t) = 6*t**2 + 2*t - 9. Let r(y) = 5*l(y) + 4*o(y). What is the remainder when a is divided by r(-4)?
14
Let j = 65 - 37. Let f = 48 - j. What is the remainder when 2/((13068/(-1632) - -8)*-4) is divided by f?
8
Let k(y) = -5*y + 400. Let d(s) = -7*s + 1. Let w be d(-4). Let b = 53 - w. Calculate the remainder when b is divided by k(79).
4
Let w(z) = z**3 + 8*z**2 + 5*z - 7. Suppose -2*g + 12 = -6*g + 2*c, -5*g - 4*c = 41. Let s = 19881 - 19876. What is the remainder when w(g) is divided by s?
3
Suppose 6*y - 91 + 31 = 0. Suppose -5*c + 0 = -y. Suppose -c*a + 10 + 4 = 0. What is the remainder when a is divided by 4?
3
Let w = -11346 - -11999. Calculate the remainder when w is divided by 33.
26
Let y = -18278 - -20153. Calculate the remainder when y is divided by 118.
105
Let g(f) = f**2 - 5*f - 12. Let o be g(-3). Let b = o + -36. Let w = b + 41. Calculate the remainder when 48 is divided by w.
14
Suppose 4*l - 777 = -3*l. Let w = -2 + l. Calculate the remainder when w is divided by (-6)/(-9) - (-1 + 212/(-6)).
35
Let i be 5/(1 + (-1 - 1))*9. Calculate the remainder when 94 is divided by (-274)/(-30) + -9 - 1794/i.
14
What is the remainder when 2590 is divided by ((-2970)/(-550))/(3/45)?
79
Calculate the remainder when 30597 + -1 + -3 + 54/(6 - -3) is divided by 22.
19
Suppose -5*d + 154 = 4*t, 14*t - 19*t = -2*d + 22. What is the remainder when 43 is divided by d?
17
Let y = -6903 - -7031. Calculate the remainder when 467 is divided by y.
83
Let a = -6349 + 6361. Let m(w) = -2*w**3 - 3*w**2 - 3*w - 4. Let g be m(-4). Suppose l = -3*l + g. Calculate the remainder when l is divided by a.
10
Suppose 5*m = -4*m. Let g be 3/(-6)*(-6 - m). Suppose -34 = -4*q - 3*t, 8*t = -q + g*t. What is the remainder when 19 is divided by q?
9
Let x = 4179 + -4147. Suppose q = -5*a - 167, -2*a - 3*q = a + 93. Let z = x - a. Calculate the remainder when z is divided by 14.
10
Let a be ((-48)/80)/((-2)/250). Let m = a + -54. Let t(q) = -q**3 + 11*q**2 - 8*q - 12. What is the remainder when m is divided by t(10)?
5
Let d = -286 + 403. Let v(h) = 5*h**2 + 188*h + 1095. Calculate the remainder when d is divided by v(-7).
21
What is the remainder when 508 is divided by 133 + ((-675)/108 - (-2)/8) - 4?
16
Let x = 7324 - 7307. Calculate the remainder when 109 is divided by x.
7
Let g(y) = 48*y + 332. Let r be g(-6). Let w be (-69)/2 + 2/4. Let k = r + w. Calculate the remainder when 39 is divided by k.
9
Let m(t) = 7*t - 41. Let r be m(5). Let f = r - -33. Let z(l) = 19*l + 8. What is the remainder when z(5) is divided by f?
22
Suppose -2 - 7 = -h. Suppose -h*m = -6*m + 27. Calculate the remainder when 62 is divided by 12*(12/m - -2).
6
Let j(a) = -6*a - 13. Let z(y) = -4*y - 20. Let q be z(-4). What is the remainder when 70 is divided by j(q)?
4
Let f(a) = a**3 + 8*a**2 + 4*a + 2. Suppose -g + 0*u = u + 11, 0 = 3*g - u + 13. Let z(t) = 47*t - 171. What is the remainder when f(g) is divided by z(4)?
16
What is the remainder when (17 - 4086/6)*2/(-4) is divided by 49?
38
Suppose 152*m = 150*m + 108. Suppose q = -0*q - 1, 3*y + 3*q = 309. Calculate the remainder when y is divided by m.
50
Let d(o) = 3*o + 0*o + 0 - 5*o + 4. Suppose -3*y = -0*y - 3*f, 3*y + 3*f + 12 = 0. Calculate the remainder when 69 is divided by d(y).
5
Let l(h) = -9*h - 5*h - 2*h + 41*h**2 - 85*h**2 - 56 + 43*h**2. What is the remainder when 66 is divided by l(-10)?
2
Let t = -344 + 347. Calculate the remainder when 218 is divided by (-4)/((-16)/888*t).
70
Suppose 276 = 14*y - 6*y - 6*y. Let k = -16 + 30. What is the remainder when y is divided by k?
12
Let c = -17861 + 17886. Calculate the remainder when 772/6*3/2 is divided by c.
18
Suppose -2 = -s - 4*x - 1, 3*x + 6 = 0. Let t = 56 - 15. Calculate the remainder when -2 - (2 + (2 - t)) is divided by s.
8
Suppose 0 = -5*z - 144*l + 147*l + 217, -143 = -3*z + 5*l. Calculate the remainder when 61 is divided by z.
20
Let x = -59 - -56. Let j be 5/(-15)*-39 + x. Let c(b) = -b**2 + 11*b + 1. What is the remainder when 59 is divided by c(j)?
4
Suppose 0 = 46*b - 23180 - 16997 - 49385. What is the remainder when b is divided by 24?
3
Let c = 514 - -10346. Suppose -22*b - 1224 = -c. What is the remainder when b is divided by 63?
60
Let x(w) = w - 6. Let g be x(24). Suppose 12*a - g*a - 6 = 0. Calculate the remainder when 